16 = 0. Is q/(-6) - 850/(-6) a composite number?
True
Let k be (-518)/49 + (-4)/(-7). Let w(n) = -n**2 - 5*n + 5. Let o be w(-6). Is (o - 2200 - -6)*6/k a prime number?
False
Suppose 0 = l - 0*g + 5*g + 32605, -163025 = 5*l - 5*g. Is 96/432 + l/(-9) a prime number?
True
Suppose 4*s - 3*f - 14 = -f, -33 = -3*s - 3*f. Is s/(-9) + 9406/6 composite?
False
Let z = 1254823 - -195462. Is z composite?
True
Let p(a) = 26*a**2 + 12*a + 13. Suppose -5*v - n + 157 = -3*v, 2*n + 86 = v. Suppose -76*x + v*x = -24. Is p(x) a composite number?
False
Let y = 19 - 59. Let q = -37 - y. Is (-12)/(-18) + 7/q + 3656 prime?
True
Let f = -39564 + 93575. Is f a composite number?
False
Suppose -6*w - 3083 - 1561 = 0. Let a(g) = 39*g**2 + 8*g + 1. Let b be a(-6). Let l = w + b. Is l a prime number?
False
Let g(n) = -n. Let c be g(-6). Let s(t) = -t**3 - 9*t**2 - 14*t + 2. Let a be s(-7). Suppose a*j - c*j = -1668. Is j prime?
False
Let m be -1256 + ((-51)/(-57) - (-2)/19). Let r = 2352 + m. Is r composite?
False
Let j = -40091 + 57310. Is j a composite number?
True
Suppose 46*r + 83*r - 40880203 = 38*r. Is r a composite number?
True
Let g = -2736 + 4613. Let s = 8824 - g. Is s prime?
True
Let c = -1606 + 1606. Let r(b) = 2*b - 3. Let h be r(4). Suppose c = 2*f + f + h*a - 2044, 0 = -f - 4*a + 693. Is f a composite number?
False
Suppose -2*q = -0*q - 5*s - 38, 80 = 5*q - 5*s. Suppose -2*n + 506 = 2*z, -4 = -16*n + q*n. Is z composite?
False
Is (332/(-1494))/(2/(-532773)) a composite number?
False
Let u(j) = -21*j + 11. Let b be u(8). Let q = 69 - b. Suppose -z - z = -q. Is z composite?
False
Suppose 0 = 10*q - 6*q - 20. Suppose 11*u + 6 + q = 0. Is 0 - (0 + u - (-2760)/(-4)) prime?
True
Suppose 0 = -5*a + 4*w + 182, 0 = -4*a - 5*w + 29 + 92. Let s = 37 - a. Suppose -1593 = -5*k + 4*d, -5*k + 435 = -s*d - 1156. Is k a composite number?
False
Let n(q) = 3*q**2. Let c be n(1). Suppose -u - c*u - 174 = -2*h, h - 4*u = 85. Is h a composite number?
False
Let x = -353543 + 495534. Is x composite?
False
Suppose 0 = -2*u + 15 - 5. Suppose 37716 = -64*n + 223316. Suppose -2*c - 2*w = -3*w - 1163, u*c - w - n = 0. Is c a prime number?
False
Let h(y) = -80731*y - 198. Is h(-1) a prime number?
False
Let q(x) = 39*x + 237. Let w be q(-6). Suppose -z + 15444 = 4*r - 20245, w*r - 26781 = 4*z. Is r prime?
True
Suppose -4*x + 4*i + 10 = 30, -x + 23 = 3*i. Let g = 3 + 0. Suppose g*d = 5*f + 3595, -x*d + 2666 = 2*f + 248. Is d prime?
False
Let u(l) = 55933*l - 3355. Is u(8) a prime number?
True
Let a(s) = 3*s + 7. Let y be a(-5). Let m(x) = -3*x**3 - 123*x**2 - 2*x - 80. Let j be m(-41). Is j/(-8) + (-2554)/y a prime number?
False
Suppose -18 = 24*q - 90. Suppose -q*o + 7*o - 8 = 0, -4*o = s - 3975. Is s composite?
False
Let w(x) = -2*x**3 - 90*x**2 + 459*x + 416. Is w(-79) a prime number?
False
Suppose -2*o + 27662 = 2*y, -7644 = -o + y + 6195. Is (180/25 - 7)*o composite?
False
Let q be 2/6 + 129834/27. Suppose -18 = -4*z + 19*u - 17*u, -3*z - 2*u = -17. Is q/5 - (29/z - 5) a composite number?
True
Suppose d + 5*i = -26 - 6, 64 = -4*d - 4*i. Is ((-15108)/18)/(d/18) a composite number?
False
Suppose -42*a - 179050 = -60694. Let d = -1557 - a. Is d composite?
True
Let b = 55 + -54. Let f be 27795/10 + ((-6)/(-4) - b). Is 1*2 + f/4 composite?
True
Let r = -251 - -12. Let w be 438 - ((-11)/(-33) - 1/3). Let m = r + w. Is m prime?
True
Let a(w) = -481*w - 63. Let m(c) = -2*c - 2. Let i(o) = a(o) + 2*m(o). Is i(-18) prime?
True
Let a = 21 - 21. Suppose -f + 7*f = a. Suppose 3*l = -f*l - z + 1462, z = l - 486. Is l composite?
False
Let d = 96860 - -62187. Is d a composite number?
True
Suppose 2*g = 3*y - 1130, 2*g = y + y - 756. Let z be y/77 + 2/14. Suppose -5897 = -z*r - 652. Is r composite?
False
Let f(x) = 15*x**2 - 2*x - 6. Let d be f(-7). Let j = 1422 - d. Let m = -332 + j. Is m a prime number?
True
Suppose -8*z + 196 = -212. Suppose 41*v + 16570 = z*v. Is v a composite number?
False
Suppose 2*v = c - 367, -v - 185 = 4*c + 3. Let p = 123 - v. Is p prime?
True
Let h(b) = 58*b**2 - 12. Let c be 10*(66/(-12) + 5). Is h(c) a composite number?
True
Suppose -16*z + 8*z + 1931368 = 0. Is z composite?
False
Let d(u) = -196*u**3 - 29*u**2 - 9*u - 73. Is d(-10) composite?
True
Suppose -6*r + 106 = -62. Let z = 24 - r. Is 447 + -1*(0 - z) a prime number?
True
Let t be -2*(-1)/4 - 324/(-24). Let h be (-2 + t)*5/(-15)*5. Is (3845/h)/(2/(-8)) a composite number?
False
Let b = 248345 + -114426. Is b composite?
False
Let b be 4 + 2/(-1) + 6*31. Suppose -b = -2*v + 110. Is v composite?
False
Let y be (69/(-6))/(3/222 - 0). Let u = 1350 + y. Suppose -u - 1579 = -2*l. Is l a prime number?
True
Let w(x) = 486*x**2 - 104*x + 2029. Is w(25) a composite number?
True
Let y(x) = 421*x**3 - x**2 + 4*x - 3. Let z be y(1). Let n(t) = t**3 - 7*t**2 + 7*t - 4. Let f be n(6). Suppose z = f*g - 333. Is g a composite number?
True
Let u be (28/(-18) + 18/81)*-67695. Suppose -u = -14*x - 10026. Is x prime?
False
Suppose 0 = -g - 123*h + 122*h + 341840, -4*g + 1367355 = -h. Is g a prime number?
True
Suppose -47*j = -52*j + 5*o - 80, 0 = -5*o + 25. Let k(v) = 36*v - 28. Let f(d) = 36*d - 27. Let l(z) = 3*f(z) - 4*k(z). Is l(j) a prime number?
False
Let w be 3/(-6) + (-65)/26. Is -1 - 16653/(-15) - w/(-15) a prime number?
True
Let d(r) = 46*r**2 - 23*r + 3683. Is d(46) a prime number?
True
Let h = 49 + -51. Let a be -2 - 6698/4*h. Let d = a + -2356. Is d a composite number?
False
Suppose -4*k - 63 = 3*h, -2*h = -0*k - k - 2. Let s be (-9)/(-6)*k/(-9). Suppose -s*q + 68 = -4*d, 1 = 5*d - 9. Is q a prime number?
False
Suppose 0 = -63*r + 18*r + 32*r + 1507337. Is r a prime number?
False
Let i(o) = -15*o**3 + 11*o**2 - 4*o - 5. Suppose 4*w = -3*w - 56. Let k be i(w). Suppose -9*p = -k + 734. Is p prime?
True
Let i(c) = -87*c + 37. Let m be 4/14 - 44/14*16. Let z be (-57)/7 + (-7 - m/7). Is i(z) a prime number?
True
Let p be ((-4)/(-10))/((-3)/(-30)). Suppose 0 = i - v - 6195, 2*i + p*v - 12384 = 3*v. Is i prime?
False
Let g(a) = 757*a**2 - 306*a - 7048. Is g(-21) a prime number?
False
Is ((-1329)/(-15) - 0)*(6 - (4 - 1463)) prime?
False
Let x(u) be the third derivative of u**6/120 + u**5/5 + 5*u**4/24 + 5*u**3/6 - 4*u**2. Let t = -2 + -9. Is x(t) prime?
True
Let t be 35/14*124/10. Let r = 33 - t. Suppose 0 = g - 4*f - 57, r*g - 129 = -0*f + 5*f. Is g composite?
True
Suppose 1237767 = 4*p - 0*p + 90059. Is p composite?
False
Let t be 1/(-5) - (-79352)/35. Suppose 12*m = -t + 36983. Is m a prime number?
False
Let p = -24 - 2. Is 6/(-39) + (-5490)/p + 0 prime?
True
Let q(d) = -6911*d - 153. Let b be q(-5). Suppose -2*u - 7944 + b = 0. Is u prime?
True
Let b(i) = -i**3 + 30*i**2 + 70*i - 71. Suppose -9*h + 32 + 220 = 0. Is b(h) a prime number?
True
Let y(z) = 7*z + 66. Let v be y(-8). Let f(p) = 24*p**2 - 8*p - 35. Is f(v) a composite number?
True
Is -17 + (-22300872)/(-110) - 6/5 prime?
True
Let i be 24/15 + 6/15. Suppose b = -i*q + 2173, -9*b + 12*b = -4*q + 4345. Is q prime?
True
Let k(y) = -5*y**2 - 57*y + 29. Let g be k(-12). Is 7 + (g - -14) + 10505 a prime number?
False
Let r(n) = -n**3 + 24*n**2 - 37*n - 147. Let j be r(22). Suppose -2*y - j*d = -10*d - 181, 0 = -5*d - 25. Is y a prime number?
True
Let x = 358599 - 190636. Is x composite?
True
Let k(z) = -z**3 + 4*z**2 - 3*z + 3. Let u be 24/20*5/3. Let p be k(u). Suppose 5*g = 5*w - 1530, p*w + 2*g = -3*g + 1540. Is w a prime number?
True
Let q(a) = a**2 - 9*a - 2. Let g(y) = y**2 - 8*y - 1. Let c(n) = -4*g(n) + 3*q(n). Let x be c(4). Suppose x*v - 2*b = 1336, -2*v + 2*b = 5*b - 1331. Is v prime?
False
Let g = 130292 + 15885. Is g composite?
True
Suppose -d + 5*d = 8. Suppose 6*c - 2*c + d*x = 12, -3*x - 37 = -5*c. Suppose -2*o = 2*k - 0*o - 1348, c*k - 3343 = 4*o. Is k a prime number?
False
Is ((66702/(-30))/((-2)/(-5)))/((-2)/44) prime?
False
Let p(r) = 54*r**2 + 7. Let v be 2/24*-3 + 462/(-8). Let c = v + 61. Is p(c) prime?
False
Suppose d + 4*k + 10 - 15 = 0, 0 = -3*k. Suppose d*u + 40535 = 4*a, 4*u = a + 3343 - 13474. Is a prime?
False
Suppose 17*k - 11*k = 11*k. Suppose -t - 1373 + 5382 = k. Is t a composite number?
True
Let v = -6 - -9. Let c(u) = -2*u**3 + u**2 - u + 1. Let l be c(v). Is 5*2*l/(-2) a prime number?
False
Suppose 8487120 = 410*w - 362*w. Is w a pr